{"id":36498,"date":"2025-06-05T08:19:11","date_gmt":"2025-06-05T06:19:11","guid":{"rendered":"https:\/\/suissepoulailler.ch\/?post_type=product&#038;p=36498"},"modified":"2026-02-25T21:23:33","modified_gmt":"2026-02-25T20:23:33","slug":"cabanon-porte-double","status":"publish","type":"product","link":"https:\/\/suissepoulailler.ch\/de\/produits\/cabanons\/cabanon-porte-double\/","title":{"rendered":"Cabanon porte double"},"content":{"rendered":"<p>Cabanon porte double aux dimensions suivantes : 2mx2mx2mx1.8m<\/p>\n<div dir=\"auto\">Am\u00e9nagement int\u00e9rieur disponible. N&rsquo;h\u00e9sitez pas \u00e0 <a href=\"mailto:info@suissepoulailler.ch\">nous contacter directement<\/a> pour plus d&rsquo;informations.<\/div>","protected":false},"excerpt":{"rendered":"<p>Dimensions : 2mx2mx2mx1.8m<\/p>","protected":false},"featured_media":36502,"comment_status":"closed","ping_status":"closed","template":"","meta":[],"product_brand":[],"product_cat":[104],"product_tag":[],"class_list":{"0":"post-36498","1":"product","2":"type-product","3":"status-publish","4":"has-post-thumbnail","6":"product_cat-cabanons","7":"product_shipping_class-livraison-poulaillers","8":"aux-has-gallery","10":"first","11":"instock","12":"taxable","13":"shipping-taxable","14":"purchasable","15":"product-type-simple"},"_links":{"self":[{"href":"https:\/\/suissepoulailler.ch\/de\/wp-json\/wp\/v2\/product\/36498","targetHints":{"allow":["GET"]}}],"collection":[{"href":"https:\/\/suissepoulailler.ch\/de\/wp-json\/wp\/v2\/product"}],"about":[{"href":"https:\/\/suissepoulailler.ch\/de\/wp-json\/wp\/v2\/types\/product"}],"replies":[{"embeddable":true,"href":"https:\/\/suissepoulailler.ch\/de\/wp-json\/wp\/v2\/comments?post=36498"}],"version-history":[{"count":9,"href":"https:\/\/suissepoulailler.ch\/de\/wp-json\/wp\/v2\/product\/36498\/revisions"}],"predecessor-version":[{"id":36512,"href":"https:\/\/suissepoulailler.ch\/de\/wp-json\/wp\/v2\/product\/36498\/revisions\/36512"}],"wp:featuredmedia":[{"embeddable":true,"href":"https:\/\/suissepoulailler.ch\/de\/wp-json\/wp\/v2\/media\/36502"}],"wp:attachment":[{"href":"https:\/\/suissepoulailler.ch\/de\/wp-json\/wp\/v2\/media?parent=36498"}],"wp:term":[{"taxonomy":"product_brand","embeddable":true,"href":"https:\/\/suissepoulailler.ch\/de\/wp-json\/wp\/v2\/product_brand?post=36498"},{"taxonomy":"product_cat","embeddable":true,"href":"https:\/\/suissepoulailler.ch\/de\/wp-json\/wp\/v2\/product_cat?post=36498"},{"taxonomy":"product_tag","embeddable":true,"href":"https:\/\/suissepoulailler.ch\/de\/wp-json\/wp\/v2\/product_tag?post=36498"}],"curies":[{"name":"wp","href":"https:\/\/api.w.org\/{rel}","templated":true}]}}

<p>Cabanon porte double aux dimensions suivantes : 2mx2mx2mx1.8m</p>
<div dir="auto">Aménagement intérieur disponible. N&rsquo;hésitez pas à <a href="mailto:info@suissepoulailler.ch">nous contacter directement</a> pour plus d&rsquo;informations.</div>
